of a?
6
Suppose 5*h - 12 = 2*h, 4*h + 74 = -3*g. Let s = g + 52. What is the units digit of 3/(2/(s/3))?
1
Let o(f) = 12*f - 8. What is the tens digit of o(5)?
5
What is the units digit of 12/54 + 619/9?
9
Suppose 3*y - 759 = 5*d + 242, 1312 = 4*y - d. What is the tens digit of y?
2
Let d be 4*((-30)/(-8) + -3). Suppose 3*z + i = -3, -8*z + d*z + 2*i = -6. Suppose m = -z*b - 3*b + 14, 4 = -m. What is the units digit of b?
6
Let y = 32 + -50. Let v = y - -26. What is the units digit of v?
8
Suppose 0 = -p + 5*b - 13 - 6, -24 = -4*p - 5*b. Suppose -2*h + 21 = -3*x, h - p = -4*x - 18. Let c = h + -2. What is the units digit of c?
1
Let g(l) = -32*l**3 - l**2 + 1. Let x be g(-1). Suppose 5*f - x = -2. What is the units digit of f?
6
What is the tens digit of (4/10)/((-6)/4650*-5)?
6
Suppose v - 4 = -6. Let z be (5 - 3)*19/v. Let l = z - -32. What is the units digit of l?
3
Suppose 0 = 4*f + 5 + 7. Let b = -1 - f. Let r(g) = 2*g**2 - 2*g + 3. What is the units digit of r(b)?
7
Let w be (-6)/(-5)*-1*5. Let j = -2 - w. What is the units digit of j?
4
Suppose -11*t + 1888 - 348 = 0. What is the tens digit of t?
4
Let v(p) = -7*p**3 - 5*p**2 - 12*p - 2. Let j(s) = -20*s**3 - 15*s**2 - 35*s - 6. Let w(r) = 6*j(r) - 17*v(r). What is the units digit of w(-4)?
6
Suppose -14*l + 626 + 4232 = 0. What is the units digit of l?
7
Let r(a) = -a**3 + 8*a**2 - 7*a - 3. Let j be r(7). Let d = j - -5. What is the units digit of d?
2
Let m(s) be the third derivative of 1/6*s**4 + 1/60*s**5 + s**2 + 1/3*s**3 + 0 + 0*s. What is the units digit of m(-5)?
7
Let d be (-2)/(-4 + (-38)/(-10)). Suppose 2*f = -d + 58. What is the units digit of f?
4
Suppose -a - 2*a - 24 = -3*v, -3*a = 4*v - 60. Suppose 0 = p + 2*p - v. Suppose 0 = -4*f + 12, 12 = 3*m - m - p*f. What is the units digit of m?
2
Let l be -3*-3*(-1)/9. Let h = 2 + l. Suppose -3*z + 5 = -h. What is the units digit of z?
2
Suppose -4*d - 4*r + 2*r = -168, -4*d = -5*r - 154. What is the units digit of d?
1
Let j(g) = -g**3 + 2*g**2 + 2*g + 4. Let c be (-4)/16 - (-13)/4. Let k be j(c). What is the units digit of 12/(-6)*-3*k?
6
Suppose -5*z = -13 - 12. Let f = 8 - z. Suppose f*p - 40 = -4*c, p - 14 = -0*p - 2*c. What is the tens digit of p?
1
Let z = -25 - -25. Let i be (-256)/(-18) - 2/9. Suppose -t + i = -z*t. What is the units digit of t?
4
Let g(c) = -c**3 - 4*c**2 - 2*c - 2. Let f be g(-4). Let z be 3/2 + 15/f. Suppose -4*n = -4*o + 68, -3*o + 4*n - 37 = -z*o. What is the tens digit of o?
2
Let s(b) = 31*b**2 + 3*b - 1. What is the units digit of s(1)?
3
Suppose -2*v = -7 - 111. What is the tens digit of v?
5
Let x = 0 - -4. Let a = x - 4. Suppose a = 3*p - t - 27, -4*p + 20 = 3*t + t. What is the units digit of p?
8
Let w(l) = -72*l + 16. Let v(q) = -13*q + 3. Let x(t) = 28*v(t) - 5*w(t). What is the units digit of x(-10)?
4
Suppose 0 = -15*i + 14*i + 45. What is the units digit of i?
5
Let u(h) be the second derivative of 2*h**3/3 - 2*h**2 + 2*h. What is the units digit of u(5)?
6
Suppose 1 - 11 = -5*q. Suppose -q*a = 3 - 37. What is the tens digit of a?
1
Let n = -3 - -3. Suppose n*g + 18 = 2*z - 3*g, -g = 4*z - 22. Suppose -z = -5*b + 34. What is the units digit of b?
8
Suppose 5*j - 55 = -0*j. Suppose 0 = -3*i + 4*i + 5, 3*k + 4*i + j = 0. What is the units digit of k?
3
Let g be -1 + 1 - (-25 - -3). What is the units digit of 1/(2/g) - 3?
8
Suppose -l = -2*j + 459, 0*j + 2*j + 4*l = 464. What is the hundreds digit of j?
2
What is the units digit of (-11 + 6)/(2/(-8))?
0
What is the units digit of -8 + 16 - (-2)/(-1)?
6
Let u(t) = t**3 - 11*t**2 + 12*t - 13. Suppose 10 + 34 = 4*f + 2*a, -5*a - 30 = -4*f. What is the units digit of u(f)?
7
What is the tens digit of 27/2 + (-15)/30?
1
Let m(b) = b - 4. What is the units digit of m(7)?
3
Suppose 3*w - 2*w - 37 = 5*r, 0 = 3*w - 5*r - 61. What is the tens digit of w?
1
Suppose 4*u - 1 = 3*u. Let m be 2/u - (4 - 42). Suppose -4*b + m = 4. What is the units digit of b?
9
Let i = -56 + 58. Suppose -5*l + 2*u = -u + 23, -l - 7 = -3*u. What is the units digit of (l/(-8))/(i/8)?
2
Let m be 24/(-14)*21/(-6). Suppose 2*t = 3*o - 2*o - 10, 2*t = -m. Suppose o*l = -0*l + 32. What is the units digit of l?
8
Let k(l) = l**2 - 4*l. Let t be k(4). Suppose 2*f - 6 = -t*f. Suppose f*v + i - 8 = 0, i = v + 7 - 3. What is the units digit of v?
1
Suppose 0 = 4*f + w + w - 36, -3*f + 4*w + 38 = 0. Let o = f + -6. What is the units digit of o?
4
Suppose -5*f = -f - 8, -v - 5*f = -334. What is the units digit of v?
4
Suppose -g = 2*g - 21. Let z(q) = 2*q**2 - 10*q - 3. What is the tens digit of z(g)?
2
Let c = -99 - -161. What is the tens digit of c?
6
Suppose 0*j = 2*j. What is the tens digit of (1*-26)/(j - 1)?
2
Let b = -75 - -52. Let d be (6/(-8) - -2)/(1/(-8)). Let s = d - b. What is the tens digit of s?
1
Suppose 16*h - 15*h - 4 = 0. Suppose -h*q + 20 + 95 = 5*o, 0 = 4*o + q - 103. What is the tens digit of o?
2
Let z be 1/8 - (-62)/16. Suppose -4*w + 3*h + 130 = 0, -z*w = -h - 50 - 84. What is the units digit of w?
4
Let c be (-2)/(-1 + -3 + 2). Suppose 11 - c = 2*j. Suppose 3*u - 2*u = -j*a + 26, a + u - 2 = 0. What is the units digit of a?
6
Let z(b) = b**3 - 10*b**2 - 11*b + 3. Let c be z(11). Suppose -4*a = -41 + 9. Suppose f - a = -c*f. What is the units digit of f?
2
Suppose 79*v - 84*v + 575 = 0. What is the tens digit of v?
1
Suppose -5*l + 3*l + 4*y + 220 = 0, 3*l = -y + 295. What is the units digit of l?
0
Suppose -2 = -a + 3. Suppose -a - 2 = -m. What is the units digit of m?
7
Let d(f) = 8*f**2 + 16*f - 23*f - 4 + 11 - f**3. What is the tens digit of d(6)?
3
Let k = 8 - -5. Suppose -3*b + k + 2 = 0. What is the units digit of b?
5
Suppose 4*t - 16 = 3*r, 2*t - 6 = -r + 2. Suppose g = 3*g - 3*c + 44, -2*c = t. Let j = -15 - g. What is the tens digit of j?
1
Suppose 2*k = 119 + 27. What is the tens digit of k?
7
Let p(i) = -i**2 + 2*i + 1. Let n be p(2). Suppose 35 = 5*z - 5*o, -2*z - 4*o + n = -1. What is the units digit of z?
5
Let j = 1 + 1. Suppose -3*n + 8 = 2*o, -j*o - 2*o - 4 = -4*n. What is the units digit of -1*(o/(-1) + -6)?
7
Let u = -7 + 10. Suppose 0 = 2*m + 4*g, -2*m = -4*m - g + 3. Suppose u*q - 9 = m*q. What is the units digit of q?
9
Suppose j + j + 8 = 3*p, p + 3*j + 1 = 0. Let h be 65/3 + (-2)/3. Suppose -p*k - h = -5*k. What is the units digit of k?
7
Let j(a) = 2*a - 1. Let l be j(2). Suppose -l*f = 15, 2*f + 11 = -4*v - f. What is the units digit of v?
1
Suppose -14 = -2*h - 0. Let y = h - 2. What is the units digit of y?
5
Suppose q - 124 = -3*q. Suppose -y - q = 17. What is the units digit of y/(-6) + -2 + 0?
6
Let p(j) = 5*j + 2 + 0 - 4*j - j**2. Suppose 0*x + 4*x = 0. What is the units digit of p(x)?
2
Let l be (-17)/2 + 9/(-6). Let d = l + 16. What is the units digit of d?
6
Suppose 0*h = 3*h. Suppose 8*d = 4*d - 2*p + 12, 0 = 2*d - 2*p + 6. Let x = h + d. What is the units digit of x?
1
Let s(x) be the second derivative of 1/12*x**4 + 3*x + 0 + 6*x**2 - 1/20*x**5 + 1/6*x**3. What is the tens digit of s(0)?
1
Let b = -3 + 3. Suppose b = -0*o + 3*o - 36. What is the units digit of o?
2
Let j = -5 + 2. What is the units digit of (-26)/6*j - 0?
3
Suppose -963 = -3*d + 4*r, 4*d - 1284 = -6*r + 7*r. What is the tens digit of d?
2
Let z(o) = o**3 + 28*o**2 + 20*o - 13. What is the units digit of z(-27)?
6
Let u = 82 + 37. What is the tens digit of u?
1
Suppose -3*s - 9 = -2*s - 4*d, 2*s + 3*d - 15 = 0. What is the units digit of s?
3
Let o(x) = 6*x - 17. What is the units digit of o(3)?
1
What is the units digit of 1 + 0 + (9 - (-8 - -5))?
3
Let m be (9 + -6)/((-3)/(-2)). What is the units digit of ((-4)/8)/(m/(-116))?
9
Let i be 1356/28 + (-9)/21. Suppose -i = -3*c - c. What is the units digit of c?
2
Let y(m) = 5*m**2 - m. Let n be (-2)/(-1)*(0 - 1). What is the tens digit of y(n)?
2
Let c(b) = -55*b - 2. What is the tens digit of c(-1)?
5
Let z = -4 + 8. Suppose -2*o + z*x - 40 = -4*o, -2*o = -4*x - 24. What is the units digit of -1*o/(0 + -2)?
8
Let a = 71 + 2. What is the units digit of a?
3
Let h(j) = j**3 - 4*j**2 + 2*j - 5. Let f be h(4). Suppose f*b - z - 53 = 36, 4*b - 119 = z. What is the tens digit of b?
3
Let q(h) = h**2 - 3*h - 16. What is the tens digit of q(7)?
1
Let f = -28 - -40. Let g = -1 + f. What is the units digit of 